 s be x(-9). Is 408/(-36) + 12 + (-269678)/s composite?
True
Let k(x) = 1249*x - 3 + 12 - 4 + 10. Let u be k(2). Suppose 0 = 8*r - 7*r - u. Is r composite?
True
Is ((-990)/(-24) - 16)*(2 - -30234) a prime number?
False
Let u(k) = 2*k**3 - 9*k**2 - 19*k + 15. Let y be u(6). Suppose 65471 = y*z + 17528. Is z a composite number?
True
Let y(b) = 5*b - 24. Let k be y(5). Let l be (-1)/k + 33/11. Suppose l*w - 3*o = 1282, w + o + 2584 = 5*w. Is w a composite number?
False
Let s(p) = 13914*p**2 - 179*p - 799. Is s(-4) prime?
False
Let k(d) = 1842*d**2 - 94*d - 279. Is k(-3) a composite number?
True
Suppose 2*v = -4*g + 60, -4*v - 18 - 16 = -3*g. Suppose 3*a + 2*p + 316 = 0, 2*p - 240 = -4*a - 660. Let l = g - a. Is l prime?
False
Is (-4)/(-14) + (-65208554)/(-938) prime?
False
Let h = 33325 + 26206. Is h composite?
True
Is 9/((-54)/(-14620)) + 53/159 composite?
False
Let r be 13686 - (20/(-8) + 2)*8. Suppose 0 = 13*t - 3*t - r. Is t composite?
True
Suppose -2*t - 2*t + 3*y = 17295, -2*t + 5*y - 8651 = 0. Let l = t - -7170. Let w = l + -1880. Is w a prime number?
True
Is ((-16813305)/30 - 16)/((-3)/(-18)*-3) prime?
True
Let d(f) = -123810*f**3 + 19*f**2 + 44*f + 1. Is d(-2) prime?
True
Suppose 0 = 4*f + 84*t - 85*t - 489981, -4*t - 244994 = -2*f. Is f a prime number?
False
Let p = -54083 - -95524. Is p a prime number?
False
Suppose 267*f - 26900493 + 5530080 = 0. Is f prime?
True
Let o be 7 + (6 - 0) + -7. Suppose -68355 = -o*s - 22521. Is s a composite number?
False
Suppose 0 = -2*o - 2*p + 254220, -5*o + 4*p + 297809 = -337786. Is o a prime number?
False
Let x = 519 - 525. Let u(k) = -595*k - 344. Is u(x) a composite number?
True
Let v = 431874 + 914515. Is v prime?
False
Let u be (5 - (15 - 0))*-23. Let v = u - -587. Is v composite?
True
Let x be ((-618)/(-7))/((-23)/(-2415)). Is x/16 + 10/(320/(-12)) composite?
True
Suppose -6072*x + 194170 + 108479 = -6069*x. Is x a composite number?
True
Suppose -145*o + 2272749 = 8*o + 492900. Is o a prime number?
True
Let b = -153043 + 233299. Suppose 0*k = -3*k - 21. Is 3/k + b/84 a prime number?
False
Suppose 166 = 2*g - 760. Let z = -508 - -292. Let j = z + g. Is j prime?
False
Let p(m) = -25*m**3 + 4*m**2 + 7*m - 4. Let w be p(5). Let f be (-263)/(-2)*(-120)/8*4/6. Let q = f - w. Is q a composite number?
True
Suppose 0*z + 11*z + 12584 = 0. Let b = 399 - z. Is b a composite number?
False
Let m be 0/(-1) + 1 - (-27 - -14). Suppose -m*d = 4*d - 40266. Is d prime?
True
Let y(u) = -5*u - 1. Let d(m) = 24*m + 4. Let k(p) = 2*d(p) + 11*y(p). Let s be k(-1). Suppose -s*w + t + 1997 = -4252, w - 1566 = t. Is w a prime number?
False
Is 23442286/980 - (0 - (-12)/(-40)) a composite number?
True
Let m = 21303 - 10876. Is m prime?
True
Let h(u) = -7*u + 46. Let r be h(-7). Let s = r + -69. Is s prime?
False
Let c = 515 - 518. Let y(d) = -17190*d + 181. Is y(c) a prime number?
False
Suppose x + 3*s = 66844, 4*s + 200524 = 3*x + 5*s. Is x prime?
True
Let j(u) be the second derivative of u**3/2 + 21*u**2/2 + 31*u. Let z be j(-5). Suppose -3050 = -z*k + k - 5*y, -2*y = k - 607. Is k a prime number?
True
Let q be (-15)/(-10) - (-108102)/12. Suppose -4*p + 3*s + q = 0, -p - s + 905 = -1344. Is p composite?
False
Let m = 916 - 936. Let w(s) = 1. Let r(u) = -38*u + 3. Let a(n) = r(n) - 2*w(n). Is a(m) a composite number?
False
Let u(b) = -173*b**3 - 12*b**2 - 22*b - 151. Is u(-16) prime?
True
Let p(l) = 3*l**3 - 15*l**2 - 13*l + 93. Let t be p(13). Let h = -2269 + t. Is h composite?
True
Let v = 56 + -83. Let c = -25 - v. Is (1/(-3))/((c/(-1758))/1) a prime number?
True
Let j(a) = -428*a - 416 + 149*a - 498*a. Is j(-43) prime?
False
Let b be 8/20 - ((-12)/20 + -1). Let w(n) be the third derivative of 247*n**4/24 - 8*n**3/3 - 4*n**2. Is w(b) composite?
True
Let m be 20/12*(-54)/(-15). Let g = m + -6. Is 125/4 + (g - (-2)/(-8)) composite?
False
Suppose -14*m = -8627 + 103701. Is 2*3/(-2)*m a prime number?
False
Suppose 3*n = 3*t - 10548, -38*t = -33*t - 3*n - 17584. Is t composite?
True
Suppose -1072328 = -28*k + 1065948. Is k composite?
False
Let g(d) = -d**3 + 2*d**2 + 5*d - 17. Let t = 974 - 985. Is g(t) prime?
False
Let t(r) be the first derivative of 11*r**5/20 + 11*r**4/12 - r**3/2 + 3*r**2 - 19*r + 28. Let z(k) be the first derivative of t(k). Is z(5) a prime number?
False
Let i = -257 + 259. Suppose 2*n + 605 = i*v - 6369, 2*v - 6966 = 4*n. Is v a composite number?
False
Suppose 10*b - 11*b = 25. Let i = b + 30. Suppose 901 - 2994 = -d - 2*u, -2090 = -d - i*u. Is d composite?
True
Suppose 4*w = 4, -2*w = 4*y + 151465 - 461327. Is y a composite number?
True
Suppose 5*y = 18 - 3. Let f be ((4/(-5))/(-2))/(y/15). Suppose f*i = 5*o + 2011, -i - 211 = -2*o - 1214. Is i composite?
True
Let d = -125 - -152. Let r(p) = 2*p**2 - d*p - 34 - 19 - 4. Is r(24) composite?
True
Is (-4)/10 - (41 + 91955262/(-105)) prime?
False
Let r(i) = -13*i**3 - 14*i**2 + 14*i + 24. Let m be r(-8). Let z = m + 3987. Is z a composite number?
True
Is -10 - (-8)/(-16)*-10 - -31986 a composite number?
False
Suppose 5*z - 353630 = -3*r, -4*r - 225099 = -2*z - 83621. Is z prime?
True
Let i = -993 + 990. Is -31013*i/12*4 a prime number?
True
Let w be 242 + (-2)/(4/2). Let a = -341 - -599. Let o = w + a. Is o prime?
True
Let n be (-4)/(-4)*21*-1. Let b(r) = r + 23. Let j be b(n). Is (-1)/j + (-1194)/(-4) a composite number?
True
Suppose -l + 4*f = 2*l + 6078, -2018 = l - 4*f. Let v = l + 3103. Is v composite?
True
Let b(v) = v**2 - 6*v + 16. Let u be (1/(-3))/(5 - (-1772)/(-354)). Let n = 42 - u. Is b(n) a prime number?
False
Suppose 3 = 3*l + k, -2*k + 9 = 3*l - 3*k. Suppose 4*u - 12 = -l*u. Suppose 4*d = -2*i - 0*d + 806, d - 797 = -u*i. Is i composite?
False
Let j(u) = -169*u**2 + 71*u + 9. Let c(z) = -84*z**2 + 35*z + 4. Let d(k) = -7*c(k) + 3*j(k). Is d(-6) prime?
False
Let u(s) = -11*s**2 + 37*s - 1. Let z(l) = -5*l**2 + 18*l. Let g(p) = -4*u(p) + 9*z(p). Let m be g(14). Let q(o) = 152*o + 5. Is q(m) a prime number?
True
Suppose 3*x - 469008 = 5*c + 31114, -3*x - 3*c = -500130. Is x a composite number?
True
Let d(p) = -2*p**2 + 19*p - 23. Let a be d(8). Is a + 3 + (-10235)/((-5)/1) prime?
False
Suppose 0 = -5*u - 2*z - 4642 - 37921, -u - 8512 = z. Let i = 13702 + u. Is i a composite number?
False
Suppose 5*g - 10*n + 14*n = 2474495, 3*g = 6*n + 1484697. Is g composite?
False
Is 180/15 + 2610895/(7 - 2) prime?
True
Let f = 4753 - 4004. Is f a prime number?
False
Is (301075 - 2) + 0 + (-5 - -3) prime?
False
Let b(a) = 10*a**3 - 23*a**2 + 56*a + 70. Is b(15) a composite number?
True
Is (1027350 - -142)*(0 + 1/4) composite?
False
Let o = -3584 + 2383. Suppose 24*j - 3*p = 28*j + 7722, -4*p + 1940 = -j. Let k = o - j. Is k composite?
True
Suppose 7*q - 31*q = -570552. Is q prime?
True
Let i = 9518 - -547713. Is i composite?
True
Let i be 4/(-6)*18/(-12). Let q = i - -16. Suppose q*a = 15*a + 412. Is a composite?
True
Is (-1)/(2/10) + (0 + 6 - -12666) a composite number?
True
Is (-1)/(3/((-106884)/(-15))*2/(-5)) prime?
False
Let x(i) = -2*i**3 + i**2 + 5*i + 12. Suppose 0 = l - z + 6, -7*z - 8 = -5*z. Is x(l) prime?
False
Let t be 266/8 + (-84)/336. Suppose -6599 = -34*v + t*v. Is v composite?
False
Let y(z) = 317*z**2 - 2167*z + 95. Is y(-75) a composite number?
True
Let j = 1122 + -662. Let m = j + 1387. Is m composite?
False
Suppose 1260*z - 1264*z - 3*j = -5041806, -4*z - 5*j = -5041818. Is z a composite number?
True
Suppose 20*l = -87 - 133. Let t(k) = 162*k**2 + 50*k + 17. Is t(l) a prime number?
True
Is 246629*(-4)/(-36) + 60/(-270) prime?
False
Let u = -88530 + 150559. Is u a prime number?
False
Let t(h) = 4*h - 4. Let l be t(2). Suppose 0 = -16*x + l*x + 48. Suppose x*y + 706 = 6*y. Is y a composite number?
False
Let v(q) = -2*q**3 + 2*q**2 + 3*q - 4. Let x be v(2). Is (-60)/24 - 72525/x a composite number?
True
Let j = -1 + 1. Suppose -8*i - 3*o + 19 = -6*i, 3*i + o = 11. Suppose -8*u + 10914 = -4*u - 2*v, -i*u - v + 5459 = j. Is u prime?
True
Is (55/4)/((-1185)/(-85006212)) a composite number?
True
Let n(r) be the second derivative of r**4/12 - 2*r**3 - 59*r**2/2 - 21*r. Let q be n(16). Suppose -12404 = d - q*d. Is d prime?
False
Let w be ((-24)/10)/((1 + -7)/30). Suppose -2*x - 7489 = -3*c, 0 = -x + 4*x - w. Let f = 3650 - c. Is f composite?